{"id":72,"date":"2025-02-07T09:35:52","date_gmt":"2025-02-07T09:35:52","guid":{"rendered":"https:\/\/kapelawojtki.pl\/?page_id=72"},"modified":"2026-02-03T07:40:02","modified_gmt":"2026-02-03T07:40:02","slug":"oferta","status":"publish","type":"page","link":"https:\/\/kapelawojtki.pl\/index.php\/oferta\/","title":{"rendered":"Oferta"},"content":{"rendered":"\n<p class=\"has-text-align-center has-x-large-font-size\"><\/p>\n\n\n\n<div class=\"wp-block-cover has-custom-content-position is-position-bottom-left\"><img loading=\"lazy\" decoding=\"async\" width=\"1024\" height=\"683\" class=\"wp-block-cover__image-background wp-image-247\" alt=\"\" src=\"https:\/\/kapelawojtki.pl\/wp-content\/uploads\/2025\/05\/KPW_High-11-1024x683.jpg\" style=\"object-position:50% 18%\" data-object-fit=\"cover\" data-object-position=\"50% 18%\" srcset=\"https:\/\/kapelawojtki.pl\/wp-content\/uploads\/2025\/05\/KPW_High-11-1024x683.jpg 1024w, https:\/\/kapelawojtki.pl\/wp-content\/uploads\/2025\/05\/KPW_High-11-300x200.jpg 300w, https:\/\/kapelawojtki.pl\/wp-content\/uploads\/2025\/05\/KPW_High-11-768x512.jpg 768w, https:\/\/kapelawojtki.pl\/wp-content\/uploads\/2025\/05\/KPW_High-11-1536x1024.jpg 1536w, https:\/\/kapelawojtki.pl\/wp-content\/uploads\/2025\/05\/KPW_High-11.jpg 1701w\" sizes=\"auto, (max-width: 1024px) 100vw, 1024px\" \/><span aria-hidden=\"true\" class=\"wp-block-cover__background has-background-dim\"><\/span><div class=\"wp-block-cover__inner-container is-layout-flow wp-block-cover-is-layout-flow\">\n<p class=\"has-text-align-center has-xx-large-font-size\">OFERTA KONCERTOWA<\/p>\n<\/div><\/div>\n\n\n\n<p><strong>KIM JESTE\u015a<\/strong><strong>MY ? <\/strong><strong><\/strong><\/p>\n\n\n\n<p><strong>Kapela Podw<\/strong><strong>\u00f3<\/strong><strong>rkowa \u201eWOJTKI\u201d <\/strong>to grupa czterech muzyk\u00f3w przenosz\u0105cych wsp\u00f3\u0142czesn\u0105 publiczno\u015b\u0107 do czas\u00f3w muzyki mi\u0119dzywojennej Polski. Z zachowaniem elegancji tamtych lat, zaprezentujemy utwory Henryka Warsa, Andrzeja W\u0142asta, Ludwika Starskiego i wielu innych znakomitych artyst\u00f3w, kt\u00f3rzy komponowali prawie sto lat temu.<\/p>\n\n\n\n<p><strong>CO OFERUJEMY ?&nbsp; <\/strong><strong><\/strong><\/p>\n\n\n\n<p>Naszym podstawowym koncertem jest godzinny program muzyki filmowej i teatralnej lat 30-stych ubieg\u0142ego wieku. Podczas naszego wyst\u0119pu publiczno\u015b\u0107 us\u0142yszy muzyk\u0119 rozrywkow\u0105, kt\u00f3ra kr\u00f3lowa\u0142a w \u00f3wczesnych latach. Do najpopularniejszych styl\u00f3w zalicza si\u0119 foxtroty, tanga, slowfoxy czy walce, nie zabraknie takich tytu\u0142\u00f3w jak : <strong><em>Um<\/em><\/strong><strong><em>\u00f3<\/em><\/strong><strong><em>wi\u0142<\/em><\/strong><strong><em>em si<\/em><\/strong><strong><em>\u0119 na dziewi\u0105t\u0105, Bal u starego Joska, Baby Ach, te Baby, <\/em><\/strong>czy<strong><em> Tango Milonga<\/em><\/strong><em>,<\/em> ale i wiele innych, mniej znanych kompozycji. Jest to wyst\u0119p weso\u0142y, z nut\u0105 sentymentu i wra\u017cliwo\u015bci, pod tytu\u0142em:<\/p>\n\n\n\n<p><strong>\u201eLata 30-ste, czyli klasyczny repertuar przedwojennej Polski\u201d<\/strong><strong><\/strong><\/p>\n\n\n\n<p>oraz<\/p>\n\n\n\n<p><strong>\u201eFoxtrot i polka, czyli co s\u0142ycha\u0107 w\u015br\u00f3d kapel podw\u00f3rkowych\u201d<\/strong><\/p>\n\n\n\n<p>Jest to program przygotowany z my\u015bl\u0105 o zabawie, sk\u0142ada si\u0119 z utwor\u00f3w, kt\u00f3re sprawiaj\u0105,&nbsp;\u017ce nogi same rw\u0105 si\u0119 do ta\u0144ca. Jest to nasz uk\u0142on w stron\u0119, nie tylko przedwojennej muzyki rozrywkowej, ale r\u00f3wnie\u017c wsp\u00f3\u0142czesnych kapel podw\u00f3rkowych, kt\u00f3rych tw\u00f3rczo\u015b\u0107 sprawi\u0142a, \u017ce do dzi\u015b istnieje muzyka uliczna w Polsce, a nam pozwala odkry\u0107 tw\u00f3rczo\u015b\u0107 powojennych artyst\u00f3w. Koncert ten jest nieco szybszy, skoczniejszy, sprawdzi si\u0119 doskonale na festynach, spotkaniach integracyjnych czy dancingach.<\/p>\n\n\n\n<p><strong>CO WI<\/strong><strong>\u0118<\/strong><strong>CEJ ? <\/strong><strong><\/strong><\/p>\n\n\n\n<p>Wyst\u0119pujemy zawsze <strong>na \u017cywo<\/strong>, proponujemy naszym s\u0142uchaczom spotkanie z prawdziw\u0105 muzyk\u0105. W dobrych humorach, cz\u0119sto z \u017cartem, zawsze na sto procent. Spotykamy si\u0119 z publiczno\u015bci\u0105, \u017ceby podzieli\u0107 si\u0119 nasz\u0105 pasj\u0105 do pi\u0119kna historii muzyki rozrywkowej.<\/p>\n\n\n\n<p>Ch\u0119tnie zagramy na scenach dom\u00f3w kultury, festynie, lokalnych uroczysto\u015bciach, w restauracji, hotelu czy pubie, dla szerokiej publiczno\u015bci jak i podczas mniejszych wydarze\u0144. Wsz\u0119dzie tam, gdzie jest ch\u0119\u0107 poznania przesz\u0142ych lat.<\/p>\n\n\n\n<p><strong>ZAPRASZAMY W PODR\u00d3\u017b PO \u015aWIECIE MUZYKI MI\u0118DZYWOJENNEJ POLSKI<\/strong><\/p>\n\n\n\n<p><\/p>\n\n\n\n<p class=\"has-luminous-vivid-amber-color has-text-color has-link-color wp-elements-bc4d5d0da7e140e09647b1cb8d2bc752\">Kapela podw\u00f3rkowa Wojtki &#8211; JU\u017b TAKI JESTEM ZIMNY DRA\u0143<\/p>\n\n\n\n<figure class=\"wp-block-audio\"><audio controls src=\"https:\/\/kapelawojtki.pl\/wp-content\/uploads\/2025\/02\/Kapela-Wojtki-Zimny-Dran-Mix.wav\"><\/audio><\/figure>\n\n\n\n<p class=\"has-luminous-vivid-amber-color has-text-color has-link-color wp-elements-c52f28a1022bc1eab9c8533920f17c50\">Kapela podw\u00f3rkowa Wojtki &#8211; UM\u00d3WI\u0141EM SI\u0118 Z NI\u0104 NA DZIWI\u0104T\u0104<\/p>\n\n\n\n<figure class=\"wp-block-audio\"><audio controls src=\"https:\/\/kapelawojtki.pl\/wp-content\/uploads\/2025\/02\/Kapela-Wojtki-Umowilem-sie-z-Nia-na-9-Mix.wav\"><\/audio><\/figure>\n\n\n\n<p class=\"has-luminous-vivid-amber-color has-text-color has-link-color wp-elements-cecd66a70202378435fb29ebccb79b2a\">Kapela Podw\u00f3rkowa Wojtki &#8211; NOC<\/p>\n\n\n\n<figure class=\"wp-block-audio\"><audio controls src=\"https:\/\/kapelawojtki.pl\/wp-content\/uploads\/2025\/02\/Kapela-Wojtki-W-Wielkim-Miescie-Cicha-Noc-Mix.wav\"><\/audio><\/figure>\n\n\n\n<p class=\"has-luminous-vivid-amber-color has-text-color has-link-color wp-elements-f906e401e2d5569d86413f1a0005dc50\">Kapela Podw\u00f3rkowa Wojtki &#8211; TANGO MILONGA<\/p>\n\n\n\n<figure class=\"wp-block-audio\"><audio controls src=\"https:\/\/kapelawojtki.pl\/wp-content\/uploads\/2025\/02\/Kapela-Wojtki-Tango-Milonga-Mix.wav\"><\/audio><\/figure>\n\n\n\n<p><\/p>\n","protected":false},"excerpt":{"rendered":"<p>KIM JESTE\u015aMY ? Kapela Podw\u00f3rkowa \u201eWOJTKI\u201d to grupa czterech muzyk\u00f3w przenosz\u0105cych wsp\u00f3\u0142czesn\u0105 publiczno\u015b\u0107 do czas\u00f3w muzyki mi\u0119dzywojennej Polski. Z zachowaniem elegancji tamtych lat, zaprezentujemy utwory Henryka Warsa, Andrzeja W\u0142asta, Ludwika Starskiego i wielu innych znakomitych artyst\u00f3w, kt\u00f3rzy komponowali prawie sto lat temu. CO OFERUJEMY ?&nbsp; Naszym podstawowym koncertem jest godzinny program muzyki filmowej i teatralnej [&hellip;]<\/p>\n","protected":false},"author":1,"featured_media":0,"parent":0,"menu_order":0,"comment_status":"closed","ping_status":"closed","template":"","meta":{"footnotes":""},"class_list":["post-72","page","type-page","status-publish","hentry"],"_links":{"self":[{"href":"https:\/\/kapelawojtki.pl\/index.php\/wp-json\/wp\/v2\/pages\/72","targetHints":{"allow":["GET"]}}],"collection":[{"href":"https:\/\/kapelawojtki.pl\/index.php\/wp-json\/wp\/v2\/pages"}],"about":[{"href":"https:\/\/kapelawojtki.pl\/index.php\/wp-json\/wp\/v2\/types\/page"}],"author":[{"embeddable":true,"href":"https:\/\/kapelawojtki.pl\/index.php\/wp-json\/wp\/v2\/users\/1"}],"replies":[{"embeddable":true,"href":"https:\/\/kapelawojtki.pl\/index.php\/wp-json\/wp\/v2\/comments?post=72"}],"version-history":[{"count":17,"href":"https:\/\/kapelawojtki.pl\/index.php\/wp-json\/wp\/v2\/pages\/72\/revisions"}],"predecessor-version":[{"id":317,"href":"https:\/\/kapelawojtki.pl\/index.php\/wp-json\/wp\/v2\/pages\/72\/revisions\/317"}],"wp:attachment":[{"href":"https:\/\/kapelawojtki.pl\/index.php\/wp-json\/wp\/v2\/media?parent=72"}],"curies":[{"name":"wp","href":"https:\/\/api.w.org\/{rel}","templated":true}]}}